{"id":1027,"date":"2015-08-18T17:57:16","date_gmt":"2015-08-18T15:57:16","guid":{"rendered":"http:\/\/www.uzpriroda.com\/?page_id=1027"},"modified":"2015-08-18T17:57:16","modified_gmt":"2015-08-18T15:57:16","slug":"prijava-3","status":"publish","type":"page","link":"https:\/\/www.uzpriroda.com\/?page_id=1027","title":{"rendered":"prijava"},"content":{"rendered":"<p align=\"center\"><b>PRIJAVA ZA\u00a0 \u017dENE KOJE SE BAVE ILI \u017dELE DA SE BAVE VO\u0106ARSTVOM<\/b><\/p>\n<p align=\"center\"><b>\u00a0IZ OP\u0160TINE \u0160EKOVI\u0106I<\/b><\/p>\n<p><b>Op\u0161ti podaci<\/b><\/p>\n<p>1. Ime (ime oca) i prezime:____________________________________________________<\/p>\n<p>2. Adresa:\u00a0 _______________________________\u00a0\u00a0\u00a0 3. Broj telefona:__________________<\/p>\n<p>4. Mati\u010dni broj: ___________________________\u00a0\u00a0\u00a0 5. Broj li\u010dne karte: _________________<\/p>\n<p>6. Broj \u010dlanova doma\u0107instva: ______________<\/p>\n<p><b><span style=\"text-decoration: underline;\">Molimo vas da ozna\u010dite za koju prijavu aplicirate<\/span><\/b><\/p>\n<p><b><span style=\"text-decoration: underline;\">\u00a0<\/span><\/b><\/p>\n<p>&nbsp;<\/p>\n<p><b>PRIJAVA ZA\u00a0 DODJELU SOLARNE SU\u0160ARE ZA VO\u0106E<\/b><\/p>\n<p>1. Ukupna povr\u0161ina vo\u0107njaka:\u00a0 _____________<\/p>\n<p>2. Posjedovanje adekvatne prostorije za smje\u0161taj su\u0161are (zaokru\u017eiti):\u00a0\u00a0 DA\u00a0\u00a0\u00a0 NE<\/p>\n<p>3. Podnosioc\u00a0 ili \u010dlanovi njegovog\u00a0 doma\u0107instva, registrovani\u00a0 poljoprivedniik\u00a0 u skladu sa va\u017ee\u0107im zakonima RS (zaokru\u017eiti):\u00a0\u00a0 DA\u00a0\u00a0\u00a0 NE<\/p>\n<p>4. Izra\u017eavam spremnost o po\u0161tovanju ostalih kriterija projekta\u00a0 (zaokru\u017eiti):\u00a0\u00a0 DA\u00a0\u00a0\u00a0 NE<\/p>\n<p>Prilog :<\/p>\n<p>&#8211; Izvod iz katastra za posjedovanje vo\u0107njaka\u00a0 (na ime \u017eene podnosioca zahtjeva ili nekog od \u010dlanova doma\u0107instva)<\/p>\n<p>&#8211; Dokaz da je doma\u0107instvo registrovano kao poljoprivredno gazdinstvo u skladu sa va\u017ee\u0107im zakonima Republike Srpske<\/p>\n<p>&#8211; Ku\u0107na lista<\/p>\n<p><b>PRIJAVA ZA\u00a0 DODJELU SADNICA VO\u0106A I PRIPADAJU\u0106EG SISTEMA ZA NAVODNJAVANJE<\/b><\/p>\n<p>1. Ukupna povr\u0161ina zemlji\u0161ta na kome \u017eeli podi\u0107i vo\u0107njak:\u00a0 ______________________<\/p>\n<p>2. Navedeno zemlji\u0161te ima pristup vodi i putu (zaokru\u017eiti):\u00a0\u00a0 DA\u00a0\u00a0\u00a0 NE<\/p>\n<p>3. Podnosioc\u00a0 ili \u010dlanovi njegovog\u00a0 doma\u0107instva, registrovani\u00a0 poljoprivedniik\u00a0 u skladu sa va\u017ee\u0107im zakonima RS (zaokru\u017eiti):\u00a0\u00a0 DA\u00a0\u00a0\u00a0 NE<\/p>\n<p>&nbsp;<\/p>\n<p>&nbsp;<\/p>\n<p>3. Izra\u017eavam spremnost o po\u0161tovanju ostalih kriterija projekta\u00a0 (zaokru\u017eiti):\u00a0\u00a0 DA\u00a0\u00a0\u00a0 NE<\/p>\n<p>Prilog :<\/p>\n<p>&#8211; Izvod iz katastra za posjedovanje vo\u0107njaka\u00a0 (na ime \u017eene podnosioca zahtjeva ili nekog od \u010dlanova doma\u0107instva)<\/p>\n<p>&#8211; Dokaz da je doma\u0107instvo registrovano kao poljoprivredno gazdinstvo u skladu sa va\u017ee\u0107im zakonima Republike Srpske<\/p>\n<p>&#8211; Ku\u0107na lista<\/p>\n","protected":false},"excerpt":{"rendered":"<p>PRIJAVA ZA\u00a0 \u017dENE KOJE SE BAVE ILI \u017dELE DA SE BAVE VO\u0106ARSTVOM \u00a0IZ OP\u0160TINE \u0160EKOVI\u0106I Op\u0161ti podaci 1. Ime (ime oca) i prezime:____________________________________________________ 2. Adresa:\u00a0 _______________________________\u00a0\u00a0\u00a0 3. Broj telefona:__________________ 4. Mati\u010dni broj: ___________________________\u00a0\u00a0\u00a0 5. Broj li\u010dne karte: _________________ 6. Broj \u010dlanova doma\u0107instva: ______________ Molimo vas da ozna\u010dite za koju prijavu aplicirate \u00a0 &nbsp; PRIJAVA ZA\u00a0 [&hellip;]<\/p>\n","protected":false},"author":4,"featured_media":0,"parent":0,"menu_order":0,"comment_status":"closed","ping_status":"closed","template":"","meta":{"ngg_post_thumbnail":0,"footnotes":""},"class_list":["post-1027","page","type-page","status-publish","hentry"],"_links":{"self":[{"href":"https:\/\/www.uzpriroda.com\/index.php?rest_route=\/wp\/v2\/pages\/1027","targetHints":{"allow":["GET"]}}],"collection":[{"href":"https:\/\/www.uzpriroda.com\/index.php?rest_route=\/wp\/v2\/pages"}],"about":[{"href":"https:\/\/www.uzpriroda.com\/index.php?rest_route=\/wp\/v2\/types\/page"}],"author":[{"embeddable":true,"href":"https:\/\/www.uzpriroda.com\/index.php?rest_route=\/wp\/v2\/users\/4"}],"replies":[{"embeddable":true,"href":"https:\/\/www.uzpriroda.com\/index.php?rest_route=%2Fwp%2Fv2%2Fcomments&post=1027"}],"version-history":[{"count":0,"href":"https:\/\/www.uzpriroda.com\/index.php?rest_route=\/wp\/v2\/pages\/1027\/revisions"}],"wp:attachment":[{"href":"https:\/\/www.uzpriroda.com\/index.php?rest_route=%2Fwp%2Fv2%2Fmedia&parent=1027"}],"curies":[{"name":"wp","href":"https:\/\/api.w.org\/{rel}","templated":true}]}}