{"id":37,"date":"2013-03-06T17:16:04","date_gmt":"2013-03-06T16:16:04","guid":{"rendered":"http:\/\/localhost\/?page_id=37"},"modified":"2013-11-28T12:37:25","modified_gmt":"2013-11-28T11:37:25","slug":"projekti-u-2004-godini","status":"publish","type":"page","link":"https:\/\/www.uzpriroda.com\/?page_id=37","title":{"rendered":"Projekti u 2004. godini"},"content":{"rendered":"<ol>\n<li><strong>Akcioni tim \u017eena &#8211; pokreta\u010d budu\u0107ih aktivnosti ruralne zajednice &#8211; UNDP<\/strong><\/li>\n<li><strong>Socijalna karta op\u0161tine Bratunac &#8211; ADF<\/strong><\/li>\n<li><strong>Institucionalni razvoj organizacije &#8211; ADF<\/strong><\/li>\n<li><strong>Program pru\u017eanja podr\u0161ke samoodr\u017eivom povratku manjina u BiH kroz pove\u0107anje mogu\u0107nosti ekonomskog razvoja &#8211; IRC BiH\/USAID \u00a0<\/strong><\/li>\n<li><strong>Ekonomska pomo\u0107 za pru\u017eanje podrke odr\u017eivom povratku manjina u BiH &#8211; IRC\/USAID<\/strong><\/li>\n<li><strong>Pove\u0107ana transparentnost organizacije &#8211; CARE International<\/strong><\/li>\n<li><strong>Primjena Zakona o ravnopravnosti polova u BiH u Bratuncu &#8211; CARE International<\/strong><\/li>\n<li><strong>Me\u0111udr\u017eavna saradnja \u017eenskih NVO &#8211;\u00a0CARE International<\/strong><\/li>\n<li><strong>Kurs poslovne sekretarice &#8211; IIZ DVV<\/strong><\/li>\n<li><strong>Aktivno tra\u017eenje posla i okrugli sto na temu &#8220;Obrazovanje odraslih &#8211; potreba i zna\u010daj za lokalnu zajednicu&#8221; &#8211; IIZ DVV<\/strong><\/li>\n<li><strong>Razvoj uz u\u010de\u0161\u0107e zajednice (RUZ) &#8211; NVO fondacija<\/strong><\/li>\n<li><strong>Psihosocijalni projekat Podrinja &#8211; HEKS<\/strong><\/li>\n<\/ol>\n","protected":false},"excerpt":{"rendered":"<p>Akcioni tim \u017eena &#8211; pokreta\u010d budu\u0107ih aktivnosti ruralne zajednice &#8211; UNDP Socijalna karta op\u0161tine Bratunac &#8211; ADF Institucionalni razvoj organizacije &#8211; ADF Program pru\u017eanja podr\u0161ke samoodr\u017eivom povratku manjina u BiH kroz pove\u0107anje mogu\u0107nosti ekonomskog razvoja &#8211; IRC BiH\/USAID \u00a0 Ekonomska pomo\u0107 za pru\u017eanje podrke odr\u017eivom povratku manjina u BiH &#8211; IRC\/USAID Pove\u0107ana transparentnost organizacije &#8211; [&hellip;]<\/p>\n","protected":false},"author":1,"featured_media":0,"parent":24,"menu_order":0,"comment_status":"open","ping_status":"open","template":"","meta":{"ngg_post_thumbnail":0,"footnotes":""},"class_list":["post-37","page","type-page","status-publish","hentry"],"_links":{"self":[{"href":"https:\/\/www.uzpriroda.com\/index.php?rest_route=\/wp\/v2\/pages\/37","targetHints":{"allow":["GET"]}}],"collection":[{"href":"https:\/\/www.uzpriroda.com\/index.php?rest_route=\/wp\/v2\/pages"}],"about":[{"href":"https:\/\/www.uzpriroda.com\/index.php?rest_route=\/wp\/v2\/types\/page"}],"author":[{"embeddable":true,"href":"https:\/\/www.uzpriroda.com\/index.php?rest_route=\/wp\/v2\/users\/1"}],"replies":[{"embeddable":true,"href":"https:\/\/www.uzpriroda.com\/index.php?rest_route=%2Fwp%2Fv2%2Fcomments&post=37"}],"version-history":[{"count":0,"href":"https:\/\/www.uzpriroda.com\/index.php?rest_route=\/wp\/v2\/pages\/37\/revisions"}],"up":[{"embeddable":true,"href":"https:\/\/www.uzpriroda.com\/index.php?rest_route=\/wp\/v2\/pages\/24"}],"wp:attachment":[{"href":"https:\/\/www.uzpriroda.com\/index.php?rest_route=%2Fwp%2Fv2%2Fmedia&parent=37"}],"curies":[{"name":"wp","href":"https:\/\/api.w.org\/{rel}","templated":true}]}}