{"id":45,"date":"2013-03-06T17:18:12","date_gmt":"2013-03-06T16:18:12","guid":{"rendered":"http:\/\/localhost\/?page_id=45"},"modified":"2013-11-27T15:04:43","modified_gmt":"2013-11-27T14:04:43","slug":"projekti-u-2008-godini","status":"publish","type":"page","link":"https:\/\/www.uzpriroda.com\/?page_id=45","title":{"rendered":"Projekti u 2008. godini"},"content":{"rendered":"<ol>\n<li style=\"text-align: justify;\"><strong>Izgradnja zajednica \u2013 izgradnja povjerenja u zajednicama op\u0161tina Bratunac i Srebrenica\u00a0&#8211;\u00a0CARITAS Switzerland\/CARITAS Luxembourg<\/strong><\/li>\n<li style=\"text-align: justify;\"><strong>Ja\u010danje zapo\u0161ljavanja i ekonomskih aktivnosti kroz akcije u lokalnoj zajednici i me\u0111usektorsku saradnju\u00a0&#8211; CISP<\/strong><\/li>\n<li><strong>\u00a0Za aktivne zajednice\u00a0&#8211; Fondacija MOZAIK\/EU<\/strong><\/li>\n<li style=\"text-align: justify;\"><strong>Zapo\u0161ljavanje mladih\u00a0&#8211;\u00a0HEKS EPER<\/strong><\/li>\n<li style=\"text-align: justify;\"><strong>Obrazovanje za razvoj turizma &#8211;\u00a0DVV<\/strong><\/li>\n<li style=\"text-align: justify;\"><strong>\u00a0Gradi svoju zajednicu &#8211; gradi svoju budu\u0107nost\u00a0&#8211; \u00a0Olof Palme<\/strong><\/li>\n<li style=\"text-align: justify;\"><strong>SAR \u2013 Trajno rje\u0161enje za raseljene osobe sa srebreni\u010dkog podru\u010dja (na podru\u010dju op\u0161tina Bratunac i Vlasenica)\u00a0&#8211; DRC<\/strong><\/li>\n<li style=\"text-align: justify;\"><strong>Pregled procjene siroma\u0161tva u op\u0161tinama Bratunac, Srebrenica, Mili\u0107i i Vlasenica ( istra\u017eivanje za potrebe UNDP)\u00a0&#8211; UNDP<\/strong><\/li>\n<li style=\"text-align: justify;\"><strong>\u00a0Suveniri kao tragovi naslije\u0111a\u00a0&#8211;\u00a0CARE<\/strong><\/li>\n<\/ol>\n","protected":false},"excerpt":{"rendered":"<p>Izgradnja zajednica \u2013 izgradnja povjerenja u zajednicama op\u0161tina Bratunac i Srebrenica\u00a0&#8211;\u00a0CARITAS Switzerland\/CARITAS Luxembourg Ja\u010danje zapo\u0161ljavanja i ekonomskih aktivnosti kroz akcije u lokalnoj zajednici i me\u0111usektorsku saradnju\u00a0&#8211; CISP \u00a0Za aktivne zajednice\u00a0&#8211; Fondacija MOZAIK\/EU Zapo\u0161ljavanje mladih\u00a0&#8211;\u00a0HEKS EPER Obrazovanje za razvoj turizma &#8211;\u00a0DVV \u00a0Gradi svoju zajednicu &#8211; gradi svoju budu\u0107nost\u00a0&#8211; \u00a0Olof Palme SAR \u2013 Trajno rje\u0161enje za raseljene [&hellip;]<\/p>\n","protected":false},"author":1,"featured_media":0,"parent":24,"menu_order":0,"comment_status":"open","ping_status":"open","template":"","meta":{"ngg_post_thumbnail":0,"footnotes":""},"class_list":["post-45","page","type-page","status-publish","hentry"],"_links":{"self":[{"href":"https:\/\/www.uzpriroda.com\/index.php?rest_route=\/wp\/v2\/pages\/45","targetHints":{"allow":["GET"]}}],"collection":[{"href":"https:\/\/www.uzpriroda.com\/index.php?rest_route=\/wp\/v2\/pages"}],"about":[{"href":"https:\/\/www.uzpriroda.com\/index.php?rest_route=\/wp\/v2\/types\/page"}],"author":[{"embeddable":true,"href":"https:\/\/www.uzpriroda.com\/index.php?rest_route=\/wp\/v2\/users\/1"}],"replies":[{"embeddable":true,"href":"https:\/\/www.uzpriroda.com\/index.php?rest_route=%2Fwp%2Fv2%2Fcomments&post=45"}],"version-history":[{"count":0,"href":"https:\/\/www.uzpriroda.com\/index.php?rest_route=\/wp\/v2\/pages\/45\/revisions"}],"up":[{"embeddable":true,"href":"https:\/\/www.uzpriroda.com\/index.php?rest_route=\/wp\/v2\/pages\/24"}],"wp:attachment":[{"href":"https:\/\/www.uzpriroda.com\/index.php?rest_route=%2Fwp%2Fv2%2Fmedia&parent=45"}],"curies":[{"name":"wp","href":"https:\/\/api.w.org\/{rel}","templated":true}]}}

<ol>
<li style="text-align: justify;"><strong>Izgradnja zajednica – izgradnja povjerenja u zajednicama opština Bratunac i Srebrenica &#8211; CARITAS Switzerland/CARITAS Luxembourg</strong></li>
<li style="text-align: justify;"><strong>Jačanje zapošljavanja i ekonomskih aktivnosti kroz akcije u lokalnoj zajednici i međusektorsku saradnju &#8211; CISP</strong></li>
<li><strong> Za aktivne zajednice &#8211; Fondacija MOZAIK/EU</strong></li>
<li style="text-align: justify;"><strong>Zapošljavanje mladih &#8211; HEKS EPER</strong></li>
<li style="text-align: justify;"><strong>Obrazovanje za razvoj turizma &#8211; DVV</strong></li>
<li style="text-align: justify;"><strong> Gradi svoju zajednicu &#8211; gradi svoju budućnost &#8211;  Olof Palme</strong></li>
<li style="text-align: justify;"><strong>SAR – Trajno rješenje za raseljene osobe sa srebreničkog područja (na području opština Bratunac i Vlasenica) &#8211; DRC</strong></li>
<li style="text-align: justify;"><strong>Pregled procjene siromaštva u opštinama Bratunac, Srebrenica, Milići i Vlasenica ( istraživanje za potrebe UNDP) &#8211; UNDP</strong></li>
<li style="text-align: justify;"><strong> Suveniri kao tragovi naslijeđa &#8211; CARE</strong></li>
</ol>

<p>Izgradnja zajednica – izgradnja povjerenja u zajednicama opština Bratunac i Srebrenica &#8211; CARITAS Switzerland/CARITAS Luxembourg Jačanje zapošljavanja i ekonomskih aktivnosti kroz akcije u lokalnoj zajednici i međusektorsku saradnju &#8211; CISP  Za aktivne zajednice &#8211; Fondacija MOZAIK/EU Zapošljavanje mladih &#8211; HEKS EPER Obrazovanje za razvoj turizma &#8211; DVV  Gradi svoju zajednicu &#8211; gradi svoju budućnost &#8211;  Olof Palme SAR – Trajno rješenje za raseljene [&hellip;]</p>
