{"id":47,"date":"2013-03-06T17:18:33","date_gmt":"2013-03-06T16:18:33","guid":{"rendered":"http:\/\/localhost\/?page_id=47"},"modified":"2013-11-27T14:55:54","modified_gmt":"2013-11-27T13:55:54","slug":"projekti-u-2009-godini","status":"publish","type":"page","link":"https:\/\/www.uzpriroda.com\/?page_id=47","title":{"rendered":"Projekti u 2009. godini"},"content":{"rendered":"<p style=\"text-align: justify;\"><strong>1. Izgradnja zajednica \u2013 izgradnja povjerenja u zajednicama op\u0161tina Bratunac i Srebrenica\u00a0&#8211; CARITAS Switzerland\/CARITAS Luxembourg\/Government of Liechtenstein<\/strong><\/p>\n<p style=\"text-align: justify;\"><strong>2. \u00a0Zapo\u0161ljavanje mladi\u00a0&#8211;\u00a0\u00a0\u00a0\u00a0\u00a0 HEKS EPER<\/strong><\/p>\n<p style=\"text-align: justify;\"><strong>3. Za aktivne zajednice\u00a0\u2013 EU\/Fondacija Mozaik<\/strong><\/p>\n<p style=\"text-align: justify;\"><strong>4. Poslovno planiranje\u00a0&#8211; \u00a0<i>dvv international<\/i><\/strong><\/p>\n<p style=\"text-align: justify;\"><strong>5. Tradicija i naslje\u0111e spajaju\u00a0 ljude\u00a0&#8211; Ekumenska inicijativa \u017eena\u00a0<\/strong><\/p>\n<p style=\"text-align: justify;\"><strong>6. \u00a0Suveniri kao tragovi naslije\u0111a\u00a0&#8211; Vlada RS &#8211; Ministarstvo trgovine i \u00a0turizma<\/strong><\/p>\n<p style=\"text-align: justify;\" align=\"left\"><strong>7. Forum \u201eIstra\u017eivanje tr\u017ei\u0161ta radne snage\u201c\u00a0&#8211; USAID\/CISP\/Prijatelji Srebrenice<\/strong><\/p>\n<p style=\"text-align: justify;\"><strong>8. Ja\u010danje kapaciteta\u00a0 javnog mnjenja po pitanju nasilja u porodici\u00a0-SORO\u0160 Fondacija<\/strong><\/p>\n<p><b>\u00a0<\/b><\/p>\n<p align=\"right\"><b>\u00a0<\/b><\/p>\n","protected":false},"excerpt":{"rendered":"<p>1. Izgradnja zajednica \u2013 izgradnja povjerenja u zajednicama op\u0161tina Bratunac i Srebrenica\u00a0&#8211; CARITAS Switzerland\/CARITAS Luxembourg\/Government of Liechtenstein 2. \u00a0Zapo\u0161ljavanje mladi\u00a0&#8211;\u00a0\u00a0\u00a0\u00a0\u00a0 HEKS EPER 3. Za aktivne zajednice\u00a0\u2013 EU\/Fondacija Mozaik 4. Poslovno planiranje\u00a0&#8211; \u00a0dvv international 5. Tradicija i naslje\u0111e spajaju\u00a0 ljude\u00a0&#8211; Ekumenska inicijativa \u017eena\u00a0 6. \u00a0Suveniri kao tragovi naslije\u0111a\u00a0&#8211; Vlada RS &#8211; Ministarstvo trgovine i \u00a0turizma 7. [&hellip;]<\/p>\n","protected":false},"author":1,"featured_media":0,"parent":24,"menu_order":0,"comment_status":"open","ping_status":"open","template":"","meta":{"ngg_post_thumbnail":0,"footnotes":""},"class_list":["post-47","page","type-page","status-publish","hentry"],"_links":{"self":[{"href":"https:\/\/www.uzpriroda.com\/index.php?rest_route=\/wp\/v2\/pages\/47","targetHints":{"allow":["GET"]}}],"collection":[{"href":"https:\/\/www.uzpriroda.com\/index.php?rest_route=\/wp\/v2\/pages"}],"about":[{"href":"https:\/\/www.uzpriroda.com\/index.php?rest_route=\/wp\/v2\/types\/page"}],"author":[{"embeddable":true,"href":"https:\/\/www.uzpriroda.com\/index.php?rest_route=\/wp\/v2\/users\/1"}],"replies":[{"embeddable":true,"href":"https:\/\/www.uzpriroda.com\/index.php?rest_route=%2Fwp%2Fv2%2Fcomments&post=47"}],"version-history":[{"count":0,"href":"https:\/\/www.uzpriroda.com\/index.php?rest_route=\/wp\/v2\/pages\/47\/revisions"}],"up":[{"embeddable":true,"href":"https:\/\/www.uzpriroda.com\/index.php?rest_route=\/wp\/v2\/pages\/24"}],"wp:attachment":[{"href":"https:\/\/www.uzpriroda.com\/index.php?rest_route=%2Fwp%2Fv2%2Fmedia&parent=47"}],"curies":[{"name":"wp","href":"https:\/\/api.w.org\/{rel}","templated":true}]}}

<p style="text-align: justify;"><strong>1. Izgradnja zajednica – izgradnja povjerenja u zajednicama opština Bratunac i Srebrenica &#8211; CARITAS Switzerland/CARITAS Luxembourg/Government of Liechtenstein</strong></p>
<p style="text-align: justify;"><strong>2.  Zapošljavanje mladi &#8211;      HEKS EPER</strong></p>
<p style="text-align: justify;"><strong>3. Za aktivne zajednice – EU/Fondacija Mozaik</strong></p>
<p style="text-align: justify;"><strong>4. Poslovno planiranje &#8211;  <i>dvv international</i></strong></p>
<p style="text-align: justify;"><strong>5. Tradicija i nasljeđe spajaju  ljude &#8211; Ekumenska inicijativa žena </strong></p>
<p style="text-align: justify;"><strong>6.  Suveniri kao tragovi naslijeđa &#8211; Vlada RS &#8211; Ministarstvo trgovine i  turizma</strong></p>
<p style="text-align: justify;" align="left"><strong>7. Forum „Istraživanje tržišta radne snage“ &#8211; USAID/CISP/Prijatelji Srebrenice</strong></p>
<p style="text-align: justify;"><strong>8. Jačanje kapaciteta  javnog mnjenja po pitanju nasilja u porodici -SOROŠ Fondacija</strong></p>
<p><b> </b></p>
<p align="right"><b> </b></p>

<p>1. Izgradnja zajednica – izgradnja povjerenja u zajednicama opština Bratunac i Srebrenica &#8211; CARITAS Switzerland/CARITAS Luxembourg/Government of Liechtenstein 2.  Zapošljavanje mladi &#8211;      HEKS EPER 3. Za aktivne zajednice – EU/Fondacija Mozaik 4. Poslovno planiranje &#8211;  dvv international 5. Tradicija i nasljeđe spajaju  ljude &#8211; Ekumenska inicijativa žena  6.  Suveniri kao tragovi naslijeđa &#8211; Vlada RS &#8211; Ministarstvo trgovine i  turizma 7. [&hellip;]</p>
