{"id":96,"date":"2013-03-06T18:36:37","date_gmt":"2013-03-06T17:36:37","guid":{"rendered":"http:\/\/localhost\/?page_id=96"},"modified":"2015-12-22T15:43:59","modified_gmt":"2015-12-22T14:43:59","slug":"donatori","status":"publish","type":"page","link":"https:\/\/www.uzpriroda.com\/?page_id=96","title":{"rendered":"Donatori"},"content":{"rendered":"<p style=\"text-align: justify;\"><b>Zahvaljujemo se na saradnji i podr\u0161ci donatorima, doma\u0107im i stranim organizacijama i institucijama, doma\u0107im i stranim nevladinim organizacijama<a href=\"http:\/\/www.uzpriroda.com\/wp-content\/uploads\/2015\/12\/LOGO.jpg\"><img loading=\"lazy\" decoding=\"async\" class=\"aligncenter size-large wp-image-1121\" alt=\"LOGO\" src=\"http:\/\/www.uzpriroda.com\/wp-content\/uploads\/2015\/12\/LOGO-1024x811.jpg\" width=\"620\" height=\"491\" srcset=\"https:\/\/www.uzpriroda.com\/wp-content\/uploads\/2015\/12\/LOGO-1024x811.jpg 1024w, https:\/\/www.uzpriroda.com\/wp-content\/uploads\/2015\/12\/LOGO-300x237.jpg 300w\" sizes=\"auto, (max-width: 620px) 100vw, 620px\" \/><\/a><\/b><\/p>\n","protected":false},"excerpt":{"rendered":"<p>Zahvaljujemo se na saradnji i podr\u0161ci donatorima, doma\u0107im i stranim organizacijama i institucijama, doma\u0107im i stranim nevladinim organizacijama<\/p>\n","protected":false},"author":1,"featured_media":0,"parent":2,"menu_order":0,"comment_status":"open","ping_status":"open","template":"","meta":{"ngg_post_thumbnail":0,"footnotes":""},"class_list":["post-96","page","type-page","status-publish","hentry"],"_links":{"self":[{"href":"https:\/\/www.uzpriroda.com\/index.php?rest_route=\/wp\/v2\/pages\/96","targetHints":{"allow":["GET"]}}],"collection":[{"href":"https:\/\/www.uzpriroda.com\/index.php?rest_route=\/wp\/v2\/pages"}],"about":[{"href":"https:\/\/www.uzpriroda.com\/index.php?rest_route=\/wp\/v2\/types\/page"}],"author":[{"embeddable":true,"href":"https:\/\/www.uzpriroda.com\/index.php?rest_route=\/wp\/v2\/users\/1"}],"replies":[{"embeddable":true,"href":"https:\/\/www.uzpriroda.com\/index.php?rest_route=%2Fwp%2Fv2%2Fcomments&post=96"}],"version-history":[{"count":0,"href":"https:\/\/www.uzpriroda.com\/index.php?rest_route=\/wp\/v2\/pages\/96\/revisions"}],"up":[{"embeddable":true,"href":"https:\/\/www.uzpriroda.com\/index.php?rest_route=\/wp\/v2\/pages\/2"}],"wp:attachment":[{"href":"https:\/\/www.uzpriroda.com\/index.php?rest_route=%2Fwp%2Fv2%2Fmedia&parent=96"}],"curies":[{"name":"wp","href":"https:\/\/api.w.org\/{rel}","templated":true}]}}